**2 + 8*u - 9. Let p = 32 + -2. Let v be 9*((-2)/(-1))/6. Suppose 2*d + v*d = p. Calculate w(d).
3
Let x be (-3*(3 + -5))/(-1). Let a(n) = n**2 + 5*n. Calculate a(x).
6
Let g = -4 + 1. Let i = -7 - -7. Let p(m) = -m + 2*m**2 + 6*m - m**2 + i*m. What is p(g)?
-6
Let d(t) = t**3 - 11*t**2 - 14*t + 29. Let x be d(12). Let r(n) = -n**2 + 5*n - 5. What is r(x)?
-5
Let j(p) = -2*p + 1. Let k = 16 + -21. What is j(k)?
11
Let p = 5 - 1. Let s(g) = -4*g**3 + 5*g - 1. Let d be ((-5)/(-3))/((-2)/(-6)). Let u(n) = -5*n**3 + n**2 + 5*n - 1. Let y(f) = d*u(f) - 6*s(f). Give y(p).
-3
Let n be (3/6 + 0)*-6. Let o(g) = g**2 + 6*g. Give o(n).
-9
Let o(q) = 1 + 5*q**2 + 4*q - 5*q + 7*q**2. Give o(1).
12
Let p = -38/3 + 13. Let h(c) be the first derivative of 1 - p*c**3 - 3*c**2 + 0*c. Determine h(-6).
0
Let t be 1/(-1 + (2 - 0)). Let w be 24/(-4) + (3 - t). Let k(a) = a**2 + 3*a - 4. What is k(w)?
0
Let b(s) = s - 5. Let u(h) = -h. Let l(o) = b(o) + 2*u(o). Let q be l(-6). Let z(d) = -d**3 - d**2 + 2*d - 1. Determine z(q).
-1
Let l(m) = -m**2 - 2*m + 2. Suppose -4*x = 29 + 19. Let f be (-5 - -4)*x/(-3). What is l(f)?
-6
Let i(d) = d + 2. Let l be i(3). Suppose l*u + 4 = 7*u. Let o(b) = b**2 + 2*b - 1 - 2*b**2 + 0. Calculate o(u).
-1
Suppose 15 + 9 = -3*c. Let s = c + 13. Let k(o) = -o**3 + 4*o**2 + 6*o - 1. What is k(s)?
4
Let v = 0 + 4. Suppose 3*c = -v*q + 24, -3*c + 5*q - 2 - 1 = 0. Let s(n) = -n + 3. What is s(c)?
-1
Let y(w) = -5*w**2 + 3*w**2 - w**3 - 2*w + 4 + 5*w**2. Determine y(3).
-2
Let h be (-779)/(-798) + 2/(-14). Let b(y) be the second derivative of -1/12*y**4 - 3*y + 0 + h*y**3 + 3/2*y**2. Determine b(5).
3
Let n(x) = -2*x**2 + x + 2. Let r(g) = -3*g + 1. Let z be r(1). Determine n(z).
-8
Let t = 27 - 22. Let a(j) = t - 5 + 14*j. Determine a(-1).
-14
Let d = 31 + -31. Let z(w) = -w + 1. Calculate z(d).
1
Let w(p) = -p**3 + p - 4. Let y(q) = q - 1. Let i(r) = -w(r) + y(r). Calculate i(0).
3
Suppose 3*j + j - 8 = 0. Let i = j + -3. Let k(m) = m**3 - 1. Calculate k(i).
-2
Let k(r) be the third derivative of r**4/24 - 3*r**3/2 - r**2. Let v(j) = j - 8. Let p(q) = 5*k(q) - 4*v(q). Give p(6).
-7
Let g(n) = -5*n - 3*n - 6*n - n. Give g(1).
-15
Let n(v) = -v + 7. Suppose 0 = 10*a - 9*a - 10. Give n(a).
-3
Suppose 3*l = -2*l + 15. Let b(w) = 17 - 15 + 2*w**3 + 3*w - 7*w**2 + l*w - w**3. Calculate b(6).
2
Let u(i) = -i**2 - 8*i - 4. Let w = -97 + 91. Give u(w).
8
Let p(s) be the first derivative of s**2/2 - 5*s + 26. Give p(-4).
-9
Let s(k) = -20*k + 16. Let f(o) = 7*o - 5. Let z(u) = -11*f(u) - 4*s(u). Give z(6).
9
Let l(p) = 2*p**2 - 2*p**2 - p**2. Let i(n) = -7*n**2. Let j(b) = i(b) - 3*l(b). Determine j(-1).
-4
Let x(i) = -3*i + 1. Let n be x(-2). Suppose -3*o + 1 = n. Let z(l) = 5*l. Give z(o).
-10
Let s(g) be the second derivative of -g**7/840 + g**6/60 - g**4/4 - g**3/2 + 3*g. Let v(z) be the second derivative of s(z). Determine v(6).
-6
Suppose 2*g + 4*r = 10, 2*g - 2*r = 2 + 8. Let k(s) be the third derivative of -s**6/120 + s**5/10 - s**4/4 + s**3/2 - 2*s**2. Give k(g).
-2
Suppose 3 = 23*i - 20*i. Let w(y) be the first derivative of i - y**3 - 3*y - 3/2*y**2 - 1/2*y**4. Determine w(-2).
7
Let i(f) = -f**3 - 5*f**2 + f + 5. Let y(j) = j + 1. Let m be -2 + 3*(-2)/(-6). Let v be y(m). Suppose -2*d + 0*d - 10 = v. What is i(d)?
0
Let y = 1 + 4. Let w(f) = -y - f + 2 + 15. Suppose 5*q + 9*c = 4*c, c = 5*q - 30. What is w(q)?
7
Let j(v) = -11*v**3 + 8*v**2 + v - 5. Let l(k) be the second derivative of -k**5/5 + k**4/4 - k**2 - 3*k. Let i(p) = -3*j(p) + 8*l(p). Give i(-2).
-3
Let r(j) be the second derivative of j**4/12 + j**3/2 - 9*j. Let z = -11 - -8. What is r(z)?
0
Let r(o) = -2*o**2 + 11*o - 14. Let a(j) = -3*j**2 + 17*j - 21. Let t(f) = -5*a(f) + 7*r(f). Suppose 0*c = 5*c - 25. Calculate t(c).
-8
Suppose -18 = 2*c - 7*c + 4*t, c - 4*t - 10 = 0. Suppose c = 5*r + 7. Let k(x) = 4*x - 2. Let o(a) = -a. Let z(l) = r*k(l) - 2*o(l). Calculate z(4).
-6
Let w(n) = -n**2 + 20*n - 13. Let i be w(19). Let q(b) = -b**3 + 7*b**2 - 5*b - 2. Calculate q(i).
4
Let q(f) = f**2 + 3*f. Let w be ((-3)/(-2))/((-1)/(-2)). Calculate q(w).
18
Let c(b) = -3*b + 3*b + 2 + b - 9. Suppose -2*k + 12 = -4*t, -k + 4*t - 2 = -14. Give c(k).
-7
Let m(z) = -2*z - 5. Suppose 0 = -3*t + 6*t - 36. Let f = -17 + t. Determine m(f).
5
Let u(c) be the first derivative of 1/4*c**4 - 1/3*c**3 - 1/2*c**2 - 4*c - 2. Give u(0).
-4
Let r(b) = 2*b**2 - 3*b - 2. Let j be r(3). Let z(c) = -j*c**3 + 56*c**2 - 56*c**2 - 1 + c. Give z(1).
-7
Let d be (10 + 2)/(-2 + 4). Suppose -d*w - 8 = -2*w. Let v(p) = -p**3 - 3*p**2 - p + 2. What is v(w)?
0
Let o(x) be the first derivative of -1 - 2*x - 1/2*x**2 - 1/6*x**3. Let v(l) be the first derivative of o(l). Determine v(0).
-1
Let n(s) = s - 1. Let h = -11 - -13. Let b(l) = -5*l + 2. Let y(g) = h*n(g) + b(g). Calculate y(2).
-6
Let a(v) = -6*v - 3*v**3 + 2*v**3 - 3*v**3 + 5 + 6*v**2 + 3*v**3. Give a(4).
13
Let u be (-5)/(-10)*32/(-2). Let k(j) = j**3 + 8*j**2 + 5. Determine k(u).
5
Let n(z) = -z**2 - z - 10. Let c be n(0). Let k be (c/3)/(2/(-3)). Let l(g) = g**3 - 4*g**2 - 8*g + 5. Determine l(k).
-10
Let h(w) = 5*w + 12. Let p(f) = -f - 3. Let k(v) = -2*h(v) - 9*p(v). Determine k(-5).
8
Let m(f) = f + 1. Suppose 2*w + 2*p - 6 = 0, -p + 2*p - 7 = -5*w. Let y be 1/(w + (-8)/4). What is m(y)?
0
Let h(m) = -m**3 + 10*m**2 - 8*m - 9. Let z be h(9). Suppose 2*u - 5*u + 6 = z. Let n(a) = -3*a - a**u + 12*a - 11*a + 4. Give n(-5).
-11
Let c(x) = -3*x + 1. Let m(v) = 2*v - 1. Let b(g) = g**2 - g - 4. Let q(p) = -p - 6. Let r be q(-6). Let l be b(r). Let s(y) = l*c(y) - 5*m(y). Determine s(-1).
-1
Let q(m) = -6*m**2 - 2. Let j(v) = 5*v**2 - v + 1. Suppose -4*w - 28 = -0*w. Let l(r) = w*j(r) - 6*q(r). Let x = 10 - 15. Calculate l(x).
-5
Let b(j) = 6*j**2 - 27 + 6*j - 5*j**2 + 26. What is b(-3)?
-10
Let c(v) be the first derivative of -v**4/24 + 4*v**3/3 - v**2/2 + 1. Let y(d) be the second derivative of c(d). Calculate y(0).
8
Let k be (-3)/(-9)*0*-1. Suppose -2*j + 0*j = -2*x + 10, -2*j = 4*x - 20. Let d = j - k. Let m(b) = b**3 - b**2 + b + 3. What is m(d)?
3
Let g be -1*(1 + 1) - -3. Let x(i) = 20*i**2 - i. Determine x(g).
19
Let h(s) = 5*s - 3. Let q(b) = -6*b + 4. Let d(o) = 5*h(o) + 4*q(o). Give d(4).
5
Let o(c) = -5*c**2 - 2*c + 15. Let p(r) = -9*r**2 - 5*r + 29. Let h(j) = 11*o(j) - 6*p(j). What is h(6)?
3
Let u(c) = c + 8. Let x = -90 + 80. What is u(x)?
-2
Let f(u) = u**3 + u**2 - u + 2. Let m(t) = t**3 + 7*t**2 - 6*t - 5. Let p be m(-6). Let a = -46 + p. Let n be (-48)/a - (-4)/14. Calculate f(n).
0
Let d(l) be the first derivative of -l**4/4 - l**3/3 + l**2/2 + l + 15. What is d(-2)?
3
Let p(l) = -7*l. Let c = 22 - 21. Determine p(c).
-7
Let s(w) = -w**3 - w - 2. Let f = 0 - -4. Let l = -1 + f. Suppose -l*h + 9 = -3*v, 0*h = -h + 1. Give s(v).
8
Let p(d) = -2*d + 5. Suppose -10 = 4*r - 34. Let x(c) = 5*c - 5. Let i(g) = 21*g - 20. Let q(n) = 2*i(n) - 9*x(n). Let h(w) = r*p(w) - 5*q(w). Calculate h(-4).
-7
Suppose -3 + 5 = 2*u. Let d be 1*(1 - 4*u). Let k(t) = 3 + t + 0 + 2*t + 0*t. Determine k(d).
-6
Let l(b) = -7*b**3 - 13*b**2 - 13*b. Let i(g) = 10*g**3 + 19*g**2 + 19*g. Let m(y) = 5*i(y) + 7*l(y). Determine m(-3).
-3
Let i(l) = 6*l + 7. Let m(u) = -2*u - 2. Let g(h) = -2*i(h) - 7*m(h). Let j be g(-3). Let w(b) = -b**2 - 5*b + 7. Determine w(j).
1
Let g(d) = -4*d**2 - 6*d + 4. Let a(f) = -11*f**2 - 17*f + 12. Let i(t) = -3*a(t) + 8*g(t). Calculate i(-3).
-4
Let k(z) = -17*z**2 + 3*z + 23*z**2 + 3 + 5*z**3 - 4*z**3. Determine k(-5).
13
Let r(o) = 3 - o + 0*o + 1. Let i be r(3). Let a(g) = 2 - 2*g - 4*g**2 + g**2 - 1. Calculate a(i).
-4
Let s be ((-1)/(-6))/((-3)/72*-3). Let h(x) be the third derivative of 1/12*x**4 + 0*x + 2*x**2 + 0 - s*x**3. Calculate h(6).
4
Let r(l) = l**2 + 30*l - 1. Let v be r(-30). Let j(k) = -5*k. Calculate j(v).
5
Let m(z) = z**3 - 5*z**2 + 4. Let x be (-3)/24 - (-82)/16. What is m(x)?
4
Let s(z) = 2*z**3 + 2*z**2 - 4*z + 4. Let a(p) = -p**3 - 3*p**2 + 4*p**2 + 3 - 3*p + 5*p**3 - 3*p**3. Let l(o) = -3*a(o) + 2*s(o). Calculate l(0).
-1
Let y(b) = -b - 1. Let h be y(-6). Suppose -4*a - 3*l - h = 0, 2*a = 6*a - 2*l - 10. Let z(o) = -2 - 3*o - a - 2. What is z(-5)?
10
Let x(d) = -d**2 + 12*d + 17. Let c be x(13). Suppose -8*a 